= 18 + -15. Suppose 0 = 2*m - p*m + 4, 68 = -5*r + 2*m. Let w be (9/r)/((-2)/168). What is the highest common factor of w and 7?
7
Let s(b) = -b**3 - 8*b**2 - 3*b + 2. Let h = -21 + 13. Let q be s(h). Let r = -24 - -63. Calculate the highest common divisor of r and q.
13
Suppose -b + 3*j + 726 = -249, -4*b - j + 3926 = 0. What is the highest common factor of b and 18?
9
Let d(t) = t**2 + 31*t + 550. Let q be d(-15). What is the highest common divisor of q and 70?
10
Suppose 0 = -2*n + 7*n + 130. Let l = 38 - n. What is the greatest common divisor of l and 16?
16
Suppose -181*f + 177*f + 2*y + 206 = 0, 2*y = -f + 39. Calculate the greatest common divisor of f and 1323.
49
Let q(z) = -3*z + z**2 + 2*z + 6*z**3 + 0*z**2 - 5*z**3. Let x be q(2). Suppose m = 2*m - 30. Calculate the highest common factor of m and x.
10
Let l be -1*(-2 - -6 - 4). Suppose 4*x - 232 - 440 = l. Calculate the highest common factor of x and 24.
24
Let d = 8 + -5. Suppose -7*n + 140 = -d*n. Calculate the highest common factor of 7 and n.
7
Suppose 5*o = w - 126, -14 = -2*o - 2*w - 62. Let t = 31 - o. Calculate the highest common factor of t and 7.
7
Let n(w) be the second derivative of 25*w**3/3 - 4*w**2 + 21*w. Let x be n(2). What is the greatest common divisor of 23 and x?
23
Suppose 0 = -21*s + 23*s - 142. What is the greatest common divisor of s and 1?
1
Suppose 5*f - h + 0*h - 17 = 0, -5*h + 23 = 2*f. Suppose x + 5*i + 5 = 0, -2*i + f*i + 8 = 0. What is the greatest common divisor of 5 and x?
5
Suppose -2*f - 3*k + 1424 = k, 5*k + 677 = f. What is the greatest common divisor of 26 and f?
26
Suppose -21*k + 19*k + q + 215 = 0, q = -4*k + 433. Let j(r) = r**2 + 6*r - 9. Let i be j(-9). Calculate the highest common divisor of i and k.
18
Let o(m) = m**3 - 6*m**2 + 0*m**3 - m**2 - 1 + 8*m. Let n be o(6). Let i be ((-2 + 0)/(-2))/(-9*(-1)/1089). Calculate the highest common divisor of n and i.
11
Let g(n) = -9*n + 33. Let t be g(3). Calculate the highest common factor of 54 and t.
6
Let i(v) = v**2 + 15. Let t be i(0). Calculate the greatest common factor of t and 144.
3
Let o = 34 - -44. Suppose -3*y + o = -60. What is the greatest common divisor of 92 and y?
46
Suppose -6*r + 80 = -r. Suppose n + r - 42 = -a, 115 = 5*a + 2*n. What is the greatest common divisor of 3 and a?
3
Let s = 61 - -63. What is the highest common factor of 310 and s?
62
Let m(c) = 17*c + 2. Let g be m(-1). Let t be (-1)/(-1) - 30/g. Calculate the highest common divisor of t and 3.
3
Suppose -3*r + 909 = -2*k, 5*r - 674 = -2*k + 857. Suppose r = 5*u + 5*l, -2*u + 71 = -2*l - 35. What is the highest common divisor of 76 and u?
19
Let r(t) be the first derivative of 2*t**3/3 - 37*t**2/2 + 6*t + 34. Let d be r(20). What is the greatest common factor of 22 and d?
22
Suppose -40 = -4*p + 4. Suppose 12*n = 10*n + 66. What is the highest common factor of p and n?
11
Let y be (-18)/(-4) + 1/2. Suppose y*k - 129 = -4*t, t - 55 = -5*k + 71. Let l = -304 + 479. What is the greatest common divisor of l and k?
25
Suppose -14*q = -17*q + 9. Suppose 0*x - q*x = -45. What is the highest common divisor of x and 90?
15
Let p be (-4)/8*-2*15. Suppose 12*q + 615 - 1875 = 0. What is the highest common divisor of q and p?
15
Let c(i) = 4*i + 18. Let m = 14 + -7. Suppose 2*t - 1 = -5*y, 2*y + m = -3. Let g be c(t). Calculate the highest common factor of g and 7.
7
Let h = 872 - 833. Calculate the highest common factor of h and 1885.
13
Let b = 18 - 9. Let p = 1 - -37. Suppose -3*x = -205 - p. Calculate the greatest common divisor of b and x.
9
Let s be (-62)/(-6) - (-10)/(-30). Let u(a) = a**2 - 8*a + 7. Let l be u(s). Suppose -2*w + l = -3. Calculate the greatest common divisor of w and 135.
15
Let y be 2 + (-3 + 61)/1. Suppose 60 + 45 = 7*l. Calculate the highest common factor of l and y.
15
Suppose 5*i - 3*t - 388 = 0, 5*t + 430 = 4*i + 117. Let l(m) = -164*m + 827. Let g be l(5). What is the highest common divisor of g and i?
7
Let n(u) = 2*u + 46. Let q be (3 + -2)*(-16 + 1). Let c be n(q). Suppose 2*w + 3*w = 640. Calculate the greatest common factor of c and w.
16
Let y = -10 - 14. Let a = y + 35. Calculate the greatest common factor of 1 and a.
1
Let j(w) be the third derivative of w**6/120 + w**5/60 - w**4/24 + 12*w**3 + 2*w**2. Let a be j(0). What is the highest common divisor of a and 24?
24
Let z(d) = -14*d + 2. Let w be z(-3). Suppose 3*u - 126 = -3*c, -2*u = -c - 4*u + w. What is the greatest common factor of c and 160?
40
Let u = -2 + -4. Let a = u + 8. Let y be (a/(-4))/((-9)/198). Calculate the greatest common factor of y and 33.
11
Let k = 16 + -15. Let z be (17/(-68))/((-1)/36). What is the highest common divisor of k and z?
1
Suppose 9 - 3 = m + 3*f, -2*m - 10 = -5*f. Suppose -a + 0 + 5 = m. Suppose a*n + 7 = v, -2 = 4*v + 3*n - 7. What is the greatest common factor of v and 14?
2
Let y = 1529 + -1439. Suppose 4*b - 54 = -3*x, -2*b + 3*x + 28 = -8. What is the highest common divisor of b and y?
15
Let f = -31 - -53. Let k(l) = l**3 - 5*l + 10. Let a be k(5). What is the greatest common factor of a and f?
22
Let k = -4 + 4. Suppose k = w + 3*w - 28. Let d(f) = -6*f + 53. Let g be d(-4). What is the greatest common factor of w and g?
7
Let a be 14/(-7) + 1/(2/6). Let s = a - -28. What is the greatest common divisor of 116 and s?
29
Let q be 4*-1 - (5 - 14). Suppose -11*l - z + 92 = -8*l, -10 = -q*z. What is the highest common divisor of 15 and l?
15
Suppose -2*f = -3*p + 50, 2*f = 4*p - 13 - 51. Suppose 8*q - 6*q = p. What is the highest common divisor of 49 and q?
7
Suppose 5*j = -b + 302, 4*j - 284 = 2*b - 48. Calculate the greatest common divisor of j and 12.
12
Let u = 9 - 6. Suppose -u*s = -3*m + 24, 4*m - 24 = m + 2*s. Let g(k) = -11*k + 5. Let b be g(-1). Calculate the highest common factor of b and m.
8
Let h = 28 - 30. Let u = h - -7. What is the greatest common factor of u and 35?
5
Let z(o) = o**3 - o**2 - 1. Let g be z(2). Suppose g + 7 = 4*v - 2*b, 4*v = b + 13. Calculate the greatest common factor of 10 and v.
2
Suppose 0 = -2024*a + 2033*a - 1224. What is the highest common divisor of a and 102?
34
Let b be -1*(-13)/(-2)*-8. Calculate the highest common divisor of 364 and b.
52
Let p(k) = k**2 + 5*k - 10. Let d be p(-7). Suppose -16 = -f + 5*z, f + f - 11 = 3*z. Calculate the highest common factor of f and d.
1
Suppose -746 = -2*o - t, -4*t = -8*t - 8. What is the highest common factor of o and 22?
22
Let y(m) = -18*m + 5. Let w be y(0). Let b be 2*18/(-2 + 4). Let v = b - 13. What is the greatest common factor of w and v?
5
Suppose i - 47 = 5. Suppose -104 = 48*d - i*d. What is the greatest common divisor of 13 and d?
13
Suppose 1 = l - 136. Suppose 0 = 3*y - 4*f + 2*f + 109, -5*y - 179 = -2*f. Let d = y + l. What is the highest common factor of 34 and d?
34
Let q = 176 - 76. Suppose -3*l - 9 = -5*o + 103, -2*l = -3*o + 68. What is the greatest common divisor of q and o?
20
Let h(o) = o**2 + 4*o + 6. Let a be h(-5). Let z(c) = -c**2 + 11*c + 1. Let d be z(a). Let l be (-3)/d*(-7)/1. What is the highest common divisor of 231 and l?
21
Let s = -11 - -22. Let v(u) = -u**3 + 40*u**2 + 3*u - 10. Let h be v(40). What is the greatest common divisor of h and s?
11
Let d be 30*1/2 - 0. Suppose 6*c = 5*c + d. Calculate the greatest common divisor of c and 15.
15
Let g be ((-16)/(-28))/(8/28). Suppose -d + 3*d = 2*w + 30, w - 15 = -g*d. Let z(y) = 2*y + 12. Let l be z(d). What is the highest common divisor of 4 and l?
4
Suppose t + 5*l - 18 = 0, 7*l - 2*l = -2*t + 26. What is the greatest common factor of 8 and t?
8
Let j = 41 - 35. Suppose b + 18 = 2*b. What is the greatest common divisor of j and b?
6
Suppose -15*t - 42 = -21*t. Suppose t*x - 3*x - 8 = 0. What is the highest common factor of x and 2?
2
Let j(w) = 16*w + 276. Let z be j(-17). Calculate the highest common divisor of 584 and z.
4
Suppose -2*v + 5 = -13. Let f(h) = -h**2 + 11*h + 4. Let r be f(v). Let s = 273 - 185. What is the greatest common factor of s and r?
22
Let y(u) = -16*u + 137. Let t be y(5). What is the greatest common factor of 19 and t?
19
Let u(n) = -3*n - 20. Let i be u(-6). Let y = 12 + i. Let h(g) = 8*g - 14. Let p be h(13). What is the highest common divisor of p and y?
10
Suppose 5*n - 40 = -0. Let i = 260 - 2